. Let z be f(9). Let i = -265 + z. List the prime factors of i.
179
Let x(r) = -8*r**3 - 9*r**2 - 32. What are the prime factors of x(-8)?
2, 109
Suppose 0 = 128*o - 131*o + 1689. What are the prime factors of o?
563
Suppose -5*m + 3*m = -4. Let w(s) = -m*s - 7*s + 0*s + s - s**2 - 7. What are the prime factors of w(-5)?
2
What are the prime factors of ((-50)/12)/((-19)/9462)?
5, 83
Let a = -210 - -439. What are the prime factors of a?
229
Let h(p) = -p + 20. Let b be (-428)/(-28) - 2/7. Let a be h(b). Suppose -2*n - 102 = -a*n. What are the prime factors of n?
2, 17
Let l be 708/3 + 1 + -2 + 0. Let j = l + -66. What are the prime factors of j?
13
Suppose -1772 = -69*q + 68*q - 2*x, 0 = q + 4*x - 1764. What are the prime factors of q?
2, 5, 89
Let l(g) = g**3 - 6*g**2 + 4*g + 9. Let n be l(5). Suppose 40 = n*b - 8*b. List the prime factors of -1*2 + (-210)/b.
19
Suppose -22*o + 3880 + 5822 = 0. List the prime factors of o.
3, 7
Let a = 845 - 538. Suppose -2*c = 3*c - 4*j - a, j - 317 = -5*c. List the prime factors of c.
3, 7
Suppose m = 2*m - 2. Suppose 0 = m*d - d - 4. Suppose 95 = z + d*z. What are the prime factors of z?
19
Let v(s) = -s**2 + 6*s - 5. Let p(c) = c**2 - 5*c - 10. Let b be p(7). Let g be v(b). Suppose 0 = g*j - j - 68. List the prime factors of j.
2, 17
Let o(b) = -27*b + 622. List the prime factors of o(-29).
5, 281
Let i(p) = -p**3 + 10*p**2 + 3*p - 13. Let q be i(10). Let l be (q/2)/((-15)/(-60)). Let c = l + -4. What are the prime factors of c?
2, 3, 5
Let l(y) = y**2 + 18*y + 72. List the prime factors of l(17).
23, 29
Suppose 596 = -237*z + 239*z. List the prime factors of z.
2, 149
Let t be 8368/(-72) - 4/(-18). Let a = -55 - t. Let c = a + -30. List the prime factors of c.
31
Suppose -4*b = -6*f + 3*f - 56, -58 = 4*f + 3*b. Let a be f/3 - 10/15. List the prime factors of (3 - 4)*(a - -1).
5
Let d(w) = -16*w - 47. Let l be d(-21). Suppose -4*a = -2*g - g + 461, -2*g - a + l = 0. List the prime factors of g.
3, 7
Suppose -15*v = -5303 + 83. Let s = -123 + v. What are the prime factors of s?
3, 5
Let i = 195 + -99. Suppose w - i = -w. Suppose -w = -0*p - 4*p. What are the prime factors of p?
2, 3
Let n = 263 - 21. Let d = 166 - n. Let u = -49 - d. List the prime factors of u.
3
Let l(r) = r**3 - r + 3. Let n be l(2). Let j = n + -1. What are the prime factors of 1*(25 + j/(-4))?
23
Suppose -4*w + 47 = -5*j, 4*j + 4 = -2*w + 8. Let c = w - 5. Let x = 5 - c. What are the prime factors of x?
2
What are the prime factors of ((-368)/(-5))/(2/20)?
2, 23
Suppose -4*u - 14 = 6. Let r(h) be the second derivative of -h**5/20 - h**4/3 + h**3/2 - 169*h. List the prime factors of r(u).
2, 5
Let x(z) = 873*z**2 - 2*z. What are the prime factors of x(-1)?
5, 7
Suppose 0 = -3*z + 3*g + 7119, -2*z - 5*g + 4734 = -4*g. What are the prime factors of z?
23, 103
Let n(x) = x. Let y(a) = a**3 - 5*a**2 - 2*a + 2. Let c(k) = -4*n(k) - y(k). List the prime factors of c(3).
2, 5
Suppose 5*w - 951 = 984. List the prime factors of w.
3, 43
Let n(m) = -m - 4. Let f be n(-2). Let h(g) = 2*g + 4. Let t be h(-4). What are the prime factors of -23*((f - t) + -3)?
23
Let u(r) = -r**2 + 8*r + 10. Let t be u(7). Let n = t - 15. Let m(j) = 3*j**3 + 2*j**2 + 2*j - 3. What are the prime factors of m(n)?
3, 11
Let w be 16/(-6)*315/(-6). Let k be w + 4/8*0. Suppose y = -4*y + k. What are the prime factors of y?
2, 7
Let b(q) = -332*q - 138. List the prime factors of b(-6).
2, 3, 103
Let c be 6/10 - 72/(-30). Suppose c*p - 16 + 1 = 0. Suppose p*g - 7*g = -42. What are the prime factors of g?
3, 7
Let n = 1526 + 216. List the prime factors of n.
2, 13, 67
Suppose -4*o = -3*o + 2*o. What are the prime factors of (49 + o)*(-78)/(-91)?
2, 3, 7
Let d(y) = y**2 + y. Let f = -1 + -1. Let s = f - 4. What are the prime factors of d(s)?
2, 3, 5
Let c(s) = -2*s**3 - 9*s**2 - 16*s - 1. List the prime factors of c(-8).
5, 23
Let u(d) = -8*d + 19. Let y be u(3). Let a(i) be the first derivative of -2*i**2 + 9*i + 1. What are the prime factors of a(y)?
29
Suppose 27 = 5*r - 73. Let t be (-8)/r - 3/5. What are the prime factors of 4 + -1 + 1/t?
2
Let i = -112 + 533. List the prime factors of i.
421
Suppose -15 = -2*b - 3*b. Suppose b*m - 438 = 300. List the prime factors of m.
2, 3, 41
Let z(u) = -4*u**3 + 3*u**2 + 10*u + 2. Let r be z(-3). Suppose -3*i = r - 395. List the prime factors of i.
2, 3
Suppose r - 1 - 5 = 0. Suppose r*k - 8*k = 10. List the prime factors of (-108)/(-30) + (-2)/k.
2
Let q = 4 - 0. Suppose -5*a - 3*v = -74, -5*a + 53 = -8*v + q*v. What are the prime factors of (-6)/(-39) - (-505)/a?
3, 13
Let i = 679 - 416. List the prime factors of i.
263
Let u = 133 - 42. Suppose z = -2*t - 56, -2*z + 2*t - 27 = u. Let c = z + 87. List the prime factors of c.
29
Let w(d) = -27*d + 45. Let t(r) = -13*r + 22. Let y(b) = 13*t(b) - 6*w(b). What are the prime factors of y(0)?
2
Let o = -4 - 0. Let a(g) = -g + 2 + 5 - 4. What are the prime factors of a(o)?
7
Let r be (-8)/44 + 65/55. Let h be ((-125)/10*2)/r. Let a = h - -37. What are the prime factors of a?
2, 3
Suppose -q - 3*q + 72 = 0. Let k = q - 11. Let a = k - 4. What are the prime factors of a?
3
Let x(v) = -2*v - 14. Let l be x(-11). Let h(p) = -p**3 + 10*p**2 - 8*p - 18. Let n be h(l). What are the prime factors of 7*n*(-2)/(-14)?
2, 23
Let q(b) = b**2 - 2*b - 4. Let z be q(6). Suppose -5*h - 3150 = -z*h. List the prime factors of h.
2, 3, 5, 7
Let h(j) = 3*j + 0*j - 5*j**2 - j**3 + j - 6 - j. Let w be h(-6). List the prime factors of 176/w*6/4.
2, 11
Let d(u) = -u**2 - 20*u - 22. Let f be d(-15). Suppose w - 5*n + f = 2*w, 61 = 2*w - 5*n. Let o = w - 26. List the prime factors of o.
2, 3
Let h(a) = -100*a. Let v be h(-8). Suppose -v = -32*b + 27*b. What are the prime factors of b?
2, 5
Let t(h) = -h**2 - 6*h + 3. Let l(d) = 38*d - 4. Let g be l(2). Let r be (-348)/g + (-2)/12. List the prime factors of t(r).
2
What are the prime factors of 12*(-18)/27 + 86?
2, 3, 13
Suppose -60 = 2*h - 5*h. Let z = h + -15. Suppose -2*g + 18 = -4*i, z*i + 19 = 3*g - 5. What are the prime factors of g?
3
Let s(n) = -n + 10. Let o be s(5). Suppose -o*v - 4*g = -66, -v + 60 = 3*v + 5*g. Suppose 7*f - 6*f = v. What are the prime factors of f?
2, 5
Let r be 10/30 + (-22)/(-6). Suppose 3*d + 15 = -3*q, 0*q - 4*d = -r*q + 4. List the prime factors of q/(-5) + (-1065)/(-25).
43
Let n(b) = b**2 - 4*b + 4. Let c be n(4). Suppose -2*k - 9*k = -385. Suppose -3*z = -5*y - 0*z + 10, 3*y = -c*z + k. What are the prime factors of y?
5
Let b(a) = a + 1. Let d be b(-3). List the prime factors of 338/(-6)*(-5 - d).
13
Suppose -7*c + 1204 = 4*h - 10*c, c - 1204 = -4*h. List the prime factors of h.
7, 43
Let m be 2610/9 - (0 + (1 - 1)). Suppose 8*h - 10*h = -m. What are the prime factors of h?
5, 29
Suppose 2*i + 2 = 0, 0 = -5*n - 5*i + 11 + 9. Suppose -336 = -n*y + y. List the prime factors of y.
2, 3, 7
List the prime factors of (((-15150)/(-40))/(-1))/((-3)/8).
2, 5, 101
Let z = 22 + -22. Suppose z = 13*t - 14*t + 31. List the prime factors of t.
31
Let l(w) = 2. Let s(i) = i + 3. Let b(k) = -4*l(k) + 3*s(k). Let o = 12 - 7. List the prime factors of b(o).
2
Let c(z) = z**2 + 12*z + 8. Let l be 1*(3 - 2)*-12. Let p be c(l). Suppose 4*m + 0 = p. What are the prime factors of m?
2
Suppose -1 = 5*g - 5*i - 26, -24 = -5*g + 4*i. Suppose 0*w + 14 = g*c + 2*w, w - 3 = 0. Suppose 18 = c*x - 22. List the prime factors of x.
2, 5
Suppose 11*i = 5*t + 8*i - 2222, 4*t - 5*i - 1788 = 0. What are the prime factors of t?
2, 13, 17
Let c be ((-2)/(-4))/(6/(-324)). Let o = c - -31. Let q(b) = 12*b - 12. What are the prime factors of q(o)?
2, 3
Let d = -28 + 31. Suppose -2*u - 3*u + 10 = 0. Suppose 41 = m + u*x, -3*m - d = -3*x - 90. List the prime factors of m.
3, 11
List the prime factors of -296*(175/(-210))/((-2)/(-3)).
2, 5, 37
Suppose -30*f + 27661 + 31799 = 0. List the prime factors of f.
2, 991
Suppose -28*t + 11127 - 1607 = 0. List the prime factors of t.
2, 5, 17
Let p = -77 - -193. Suppose 115 = 7*n - p. What are the prime factors of n?
3, 11
Suppose -12595 = -5*p - 2*z + 7*z, -12559 = -5*p - 4*z. List the prime factors of p.
5, 503
Let c(g) = 13 - g + g**3 - 4*g - 10*g**2 + g - 5*g. What are the prime factors of c(11)?
5, 7
List the prime factor